 h be (-4)/46 + (-65520)/2990. What are the prime factors of b(h)?
2, 3, 13
Suppose 4*g + 33028 = 9*g + 1373. What are the prime factors of g?
13, 487
Let n = -1 + -2. Suppose -14*q + 7*q + 168 = 0. List the prime factors of (-181)/n + 16/q.
61
Let k = 10515 - 6334. List the prime factors of k.
37, 113
Let m be (8/(-6))/(-1 + (-4)/(-3)). Let b be 4500/(-40) - 2/m. Let r = b - -205. What are the prime factors of r?
3, 31
Suppose -26 = 4*i - 7*u + 9*u, 5*i + 2*u = -33. Let l(k) = 5*k**2 - k - 15. What are the prime factors of l(i)?
3, 79
Suppose -v - 5*u = 4 + 7, 5*u + 15 = 0. Suppose -v + 10 = b. Suppose 0 = 4*s - 3*d - 133, 2*s - b*d + d - 77 = 0. What are the prime factors of s?
31
Suppose w - 37 = -5*d, -3*d + 4*d = -4*w + 72. Suppose 0 = -459*z + 458*z + 87. Suppose -20*h + z = -w*h. List the prime factors of h.
29
Let c(s) = 50*s**2 + 61*s - 682. What are the prime factors of c(14)?
2, 3, 277
Suppose 4*t + 19 = -5*r + 3, -2*t - 8 = -3*r. Let q be (t/(-6))/((-6)/(-18)). What are the prime factors of q*5/(10/6)?
2, 3
Let f(c) = -703*c**3 + 81*c + 323. List the prime factors of f(-4).
3, 4999
Suppose -3579643 = -112*d - 35*d - 688888. What are the prime factors of d?
3, 5, 19, 23
Let f(w) be the third derivative of -w**6/120 - w**4/2 + 5*w**3/3 + 32*w**2. Let l be f(5). Let v = l + 350. What are the prime factors of v?
5, 7
Suppose 2*d + 4 = 0, -20*d + 27*d + 29164 = 5*l. List the prime factors of l.
2, 5, 11, 53
Suppose 6*v - 817 = 173. Let d = v - -528. What are the prime factors of d?
3, 7, 11
Let r(s) = s**3 - 25*s**2 + 109*s + 125. List the prime factors of r(20).
5, 61
What are the prime factors of 21163 + 3 - (0 - -10)?
2, 3, 41, 43
Let o(j) = j**3 + 7*j**2 - 15*j + 7. Let l be o(-7). Let g = l + -43. List the prime factors of (-3 - (-3 + 1))*g/(-3).
23
Suppose 0*x + 0*x = -6*x. Suppose -286 = -5*y - 3*r, 4*y - r - 61 - 178 = x. What are the prime factors of y?
59
Let c(s) = 10*s**3 - 2*s**2 + 10. Let j be 2/5 + (-793)/(-305). What are the prime factors of c(j)?
2, 131
Let f(d) = d**2 + 5*d + 25. Let x be f(-5). Suppose 0 = -22*n + x*n - 297. What are the prime factors of n?
3, 11
Suppose 5*w = 10, -v = 84*w - 86*w - 25272. What are the prime factors of v?
2, 71, 89
Let x(c) = 2*c**3 + 30*c**2 + c + 19. Let a be x(-15). Suppose j - 5*s = 26, 89 - 18 = j + a*s. List the prime factors of j.
3, 17
Suppose 5*k - 4*a = -0*a + 118, -3*k + 3*a = -72. Suppose -k*p + 16464 = 6*p. What are the prime factors of p?
2, 3, 7
Let n(t) = -t**2 - t + 9. Suppose -3*s - 12 = s. Let q be n(s). Suppose -o = -j + o + 4, 2*j + q*o - 8 = 0. List the prime factors of j.
2
Suppose 14*i = -2*a + 17*i - 25, 2*a - 15 = -5*i. Let z(t) = -28*t - 45. List the prime factors of z(a).
5, 19
Let d be (0 - (4 - -2) - -3) + 4. List the prime factors of d/2 + 542/4.
2, 17
Suppose o + k - 24839 = 0, 3*o - 187*k + 188*k - 74519 = 0. List the prime factors of o.
2, 3, 5, 23
Let b be 60/16 + 2/8 + -12. List the prime factors of (-117 + -10)/(3 + b/2).
127
Let i = 118496 - 56013. What are the prime factors of i?
62483
Suppose -4*w - 1 = -3*s, 11*w + 41 = 7*w - 5*s. Let r(c) be the first derivative of -c**4/2 + c**3/3 - 3*c**2/2 + 6*c - 2. List the prime factors of r(w).
2, 3
What are the prime factors of 67284 + 12 - (-7 - 0/5)?
17, 37, 107
Let y be ((-357)/(-42))/((3/(-2))/3). Let h be y/(-4) - 4 - 1694/(-8). Let o = h + -94. List the prime factors of o.
2, 59
Let p = 13795 + 14813. List the prime factors of p.
2, 3, 149
Let z = -35 + 62. Suppose z + 6 = -11*c. What are the prime factors of 145/10*(-42)/c?
7, 29
Let h(a) = a**3 + 7*a**2 + 9*a + 9. Let b = -419 + 425. List the prime factors of h(b).
3, 59
Suppose -3*x + 9 = -36. Suppose -4*w - x = -w. What are the prime factors of (102 - 0) + w + 9?
2, 53
Let x(v) = -17 + 18*v - 4 + 18*v**2 - 13*v - 14 + v**3. List the prime factors of x(-17).
13
Let h(r) = 147*r**3 + 14*r**2 - 51*r - 6. List the prime factors of h(4).
2, 7, 673
Let z(s) = 4*s**3 - s**2 - 2*s + 13. Let a(n) = -7*n**3 + n**2 + 3*n - 26. Let x(j) = -3*a(j) - 5*z(j). What are the prime factors of x(6)?
307
List the prime factors of (-1)/(9 + 10672101/(-1185786)).
2, 7, 3137
Let y(c) = -20*c - 504. Let j be y(-31). Let l = 144 - 3. Let p = l - j. What are the prime factors of p?
5
Let d = 8371 + -2449. What are the prime factors of d?
2, 3, 7, 47
Suppose -22*y + 18*y + 68 = 0. Let t be y/3 - 1/(-3). What are the prime factors of 6/((-2)/t*(0 + -1))?
2, 3
Suppose 628*x - 617*x - 178233 = 0. List the prime factors of x.
3, 11, 491
Let m = -1037 - -12800. Suppose -43*r + 52*r = m. List the prime factors of r.
1307
Suppose 329 - 1883 = 14*v. What are the prime factors of 944/6 - 74/v?
2, 79
Suppose 69*l - 67*l - 91694 = 0. List the prime factors of l.
19, 127
Suppose -38*m + 18190 = 1394. Suppose 0 = t + 3*b - m - 70, -2*t + b + 1010 = 0. What are the prime factors of t?
2, 11, 23
Let z(s) = -s**2 - 12*s + 143. Let l be z(-19). List the prime factors of (25/(-15))/(l/(-4572)).
2, 3, 127
Suppose -5*j - 3*u - 273 = -893, u - 247 = -2*j. Suppose 0 = w - 2*q - j, 4*q + 375 = 3*w + q. List the prime factors of w.
3, 43
Let p = 6266 - 5271. What are the prime factors of p?
5, 199
Suppose 29*g + 10*g - 547014 = -0*g. List the prime factors of g.
2, 7013
Let n(l) = -985*l**3 - 7*l**2 + 12*l + 32. List the prime factors of n(-2).
2, 3, 5, 131
Let l(b) = b**3 - 4*b**2 - 13*b + 16. Let u be l(6). What are the prime factors of (8204/(-70))/((-4)/u)?
293
What are the prime factors of (740/15)/(444/842823)?
37, 2531
Suppose 0 = 1234*o - 1236*o + 1746. Suppose -2613 = -3*k + h, -16*k + 15*k + o = -h. List the prime factors of k.
2, 3, 5, 29
Suppose -3*c = 4 + 2, -5*u + 4*c = -23. Let j be (-3 - 43)*(-2)/4. Suppose u*y - 50 = -j. List the prime factors of y.
3
Suppose -154 = 14*l - 25*l. Suppose -l*y = -23*y + 1602. What are the prime factors of y?
2, 89
Suppose 0 = 5*u + 5*t - 145, 2*u + 5*t - 58 = 6*t. Let j = u - 38. Let c(r) = -r**2 - 14*r - 11. List the prime factors of c(j).
2, 17
What are the prime factors of ((-74)/111)/(1*-2) - (-654850)/15?
149, 293
List the prime factors of ((18 - 2)/(-48))/(3/(-39699)).
11, 401
Let h(k) = 9*k**2 - 11*k - 69. Suppose 11*r - 2 = 130. List the prime factors of h(r).
3, 5, 73
Suppose 6*x = -2*x + 24. Let d be (32/(-6))/(-8)*(0 + x). Suppose d*s - 493 = -3*s + 2*j, 0 = -2*j - 8. What are the prime factors of s?
97
Suppose 0 = 4*o + 4*r + 164, -o + 2*r = -17 + 73. Let h be -2*(37/2 + 0). Let q = h - o. List the prime factors of q.
3
Let t(q) = 3*q**2 - 105*q + 5668. What are the prime factors of t(127)?
2, 5, 509
Suppose -2*y = -6*r + r + 28, -4*y - 24 = -2*r. Suppose 25 = 5*q + 3*j, 5*j - 1 = -r*q + 6. List the prime factors of 777/28 - (-2)/q.
2, 7
Let w(c) = 4*c**3 + 40*c**2 - 3*c + 5. Let g be w(-10). Let u = 75 - g. List the prime factors of u.
2, 5
What are the prime factors of -8 + ((-3)/(-4) - 6/(-24)) + 7410?
11, 673
Suppose -14*z + 13*z = -942. Suppose 3*n = 192 + z. List the prime factors of n.
2, 3, 7
Let o(c) = 27*c**2 + 48*c - 266. List the prime factors of o(24).
2, 8219
Let s(h) = h**2 + 14*h + 31. Let n be s(-10). Let t(i) = 2*i**2 + 4*i + 14. What are the prime factors of t(n)?
2, 5, 7
Suppose 152*d - 1359330 = 117*d. List the prime factors of d.
2, 3, 6473
Let u(c) = 25*c**2 - c - 2. Let y be u(-1). Let i be 1394*-3*(0 + 4)/y. Let g = -492 - i. List the prime factors of g.
5, 41
Suppose 1085 = 4*p + 1089. List the prime factors of (272/32)/(((-3)/726)/p).
11, 17
Let q = 751 - 748. Suppose -187 = -2*b + q*w, -2*b - 39*w + 193 = -36*w. What are the prime factors of b?
5, 19
Let l(x) = 26*x**2 + 4*x - 41. Let c(g) = 52*g**2 + 8*g - 83. Let d(s) = -2*c(s) + 5*l(s). List the prime factors of d(-6).
3, 97
Let i(f) = f**3 + 6*f**2 + f + 12. Let p be i(-6). Let n(h) = 28*h - 25. What are the prime factors of n(p)?
11, 13
Let v = 24089 - 624. What are the prime factors of v?
5, 13, 19
Suppose 23*y - 278688 = -4*y - 5*y. What are the prime factors of y?
3, 2903
Let h = 17764 + -7399. List the prime factors of h.
3, 5, 691
What are the prime factors of (-7)/(-2) + (-386616)/(-48)?
2, 3, 17, 79
Suppose 6*d - d = 15. Suppose 0*p - 5*p - 110 = 5*s, -4*s - 64 = d*p. What are the prime factors of p*(2 + 23/(-4))?
2, 3, 5
Let t(k) = k**2 -